{"id":9151,"date":"2013-08-21T00:37:54","date_gmt":"2013-08-20T22:37:54","guid":{"rendered":"https:\/\/frank-lovisolo.fr\/WordPress\/?page_id=9151"},"modified":"2020-07-14T11:57:12","modified_gmt":"2020-07-14T09:57:12","slug":"remy-kertenian-article-cote-magazine","status":"publish","type":"page","link":"https:\/\/frank-lovisolo.fr\/WordPress\/dossier-de-presse-2\/remy-kertenian-article-cote-magazine\/","title":{"rendered":"COTE Marseille Provence : L&rsquo;article de R\u00e9my Kert\u00e9nian"},"content":{"rendered":"<span class=\"span-reading-time rt-reading-time\" style=\"display: block;\"><span class=\"rt-label rt-prefix\">Reading Time: <\/span> <span class=\"rt-time\"> 2<\/span> <span class=\"rt-label rt-postfix\">minutes<\/span><\/span><p><span style=\"color: #ffffff; font-size: 8px;\">R\u00e9my Kert\u00e9nian &#8211; Cote Marseille Provence <\/span><\/p>\n<table style=\"width: 1024px;\">\n<tbody>\n<tr>\n<td style=\"width: 34%; text-align: right; vertical-align: top;\">\u00a0<\/td>\n<td style=\"width: 33%; text-align: center; vertical-align: top;\">\u00a0<\/td>\n<td style=\"width: 33%; text-align: right; vertical-align: top;\">\n<div><span style=\"font-size: 20px;\"><a href=\"#com\"><img loading=\"lazy\" decoding=\"async\" class=\"wp-image-15068 size-full\" src=\"https:\/\/frank-lovisolo.fr\/WordPress\/wp-content\/uploads\/2015\/06\/ComBleu.jpg\" alt=\"ComGris\" width=\"250\" height=\"15\" title=\"-\"><\/a><\/span><\/div>\n<\/td>\n<\/tr>\n<\/tbody>\n<\/table>\n<table style=\"width: 1024px;\">\n<tbody>\n<tr>\n<td><a href=\"http:\/\/cotemagazine.com\/upload\/cotemagazine\/magazine\/COTE-MARSEILLE-PROVENCE-MAI-2013.pdf\" target=\"_blank\" rel=\"noopener noreferrer\"><img loading=\"lazy\" decoding=\"async\" class=\"aligncenter wp-image-17782 size-full\" title=\"R\u00e9my Kert\u00e9nian - COTE MARSEILLE PROVENCE\" src=\"https:\/\/frank-lovisolo.fr\/WordPress\/wp-content\/uploads\/2013\/08\/COTE-MARSEILLE-PROVENCE-MAI-2013-50.jpg\" alt=\"R\u00e9my Kert\u00e9nian -COTE-MARSEILLE PROVENCE-MAI-2013-50\" width=\"887\" height=\"1209\" srcset=\"https:\/\/frank-lovisolo.fr\/WordPress\/wp-content\/uploads\/2013\/08\/COTE-MARSEILLE-PROVENCE-MAI-2013-50.jpg 887w, https:\/\/frank-lovisolo.fr\/WordPress\/wp-content\/uploads\/2013\/08\/COTE-MARSEILLE-PROVENCE-MAI-2013-50-560x763.jpg 560w, https:\/\/frank-lovisolo.fr\/WordPress\/wp-content\/uploads\/2013\/08\/COTE-MARSEILLE-PROVENCE-MAI-2013-50-110x150.jpg 110w\" sizes=\"auto, (max-width: 887px) 100vw, 887px\" \/><\/a><\/td>\n<\/tr>\n<tr>\n<td>\n<h4 style=\"text-align: center;\"><span class=\"ez-toc-section\" id=\"directrice-dominique-juan\"><\/span>DIRECTRICE<br \/>\nDominique Juan<span class=\"ez-toc-section-end\"><\/span><\/h4>\n<h4 style=\"text-align: center;\"><span class=\"ez-toc-section\" id=\"article-remy-kertenian\"><\/span>Article R\u00e9my Kert\u00e9nian<span class=\"ez-toc-section-end\"><\/span><\/h4>\n<\/td>\n<\/tr>\n<tr>\n<td style=\"text-align: center;\">\n<h3><span class=\"ez-toc-section\" id=\"cote-marseille-provence-%e2%80%93-page-50\"><\/span>Cote Marseille Provence \u00a0&#8211;\u00a0Page 50<span class=\"ez-toc-section-end\"><\/span><\/h3>\n<p style=\"text-align: justify;\"><a href=\"http:\/\/cotemagazine.com\/upload\/cotemagazine\/magazine\/COTE-MARSEILLE-PROVENCE-MAI-2013.pdf\" target=\"_blank\" rel=\"noopener noreferrer\"><img loading=\"lazy\" decoding=\"async\" class=\"alignleft\" title=\"COTE MARSEILLE PROVENCE\" src=\"http:\/\/frank-lovisolo.fr\/ImagesWPannexe\/cotemagmai2013.JPG\" alt=\"COTE MARSEILLE PROVENCE\" width=\"186\" height=\"220\" \/><\/a><span style=\"font-size: 20px;\">Ses vid\u00e9os, loin de toute narration classique, convoquent la photographie, alli\u00e9e \u00e0 des s\u00e9quences en mouvement, et sont toujours accompagn\u00e9es de cr\u00e9ations sonores originales. En 2012, avec sa vid\u00e9o Argonauts, il a \u00e9t\u00e9 s\u00e9lectionn\u00e9 durant le Festival de Cannes pour AVIFF, festival d\u00e9di\u00e9 \u00e0 la vid\u00e9o d\u2019artiste. Un nom pareil nous conduit forc\u00e9ment au voyage ou, mieux, au p\u00e9riple, dans un d\u00e9dale d\u2019images manipul\u00e9es et installe une v\u00e9ritable dialectique entre le son et l\u2019image. Avec son prochain film, Hubris, il nous emporte vers une repr\u00e9sentation de la d\u00e9mesure. Frank C\u00e9sar Lovisolo nous conduit dans l\u2019hypermodernit\u00e9, \u00e0 l\u2019instar du concept d\u00e9velopp\u00e9 par Michel Foucault. Cette \u0153uvre, vision de notre soci\u00e9t\u00e9, qui sombre dans tous les exc\u00e8s de l\u2019orgueil, d\u00e9nonce un nouveau \u00ab bab\u00e9lisme \u00bb, bien loin du \u00ab Rien de trop \u00bb souhait\u00e9 par les sages de la Gr\u00e8ce antique. Mais attention ! Rappelons-nous que dans la trag\u00e9die, la d\u00e9esse <a href=\"http:\/\/cotemagazine.com\/upload\/cotemagazine\/magazine\/COTE-MARSEILLE-PROVENCE-MAI-2013.pdf\" target=\"_blank\" rel=\"noopener\"><img loading=\"lazy\" decoding=\"async\" class=\"alignright\" title=\"COTE MARSEILLE PROVENCE\" src=\"http:\/\/www.frank-lovisolo.fr\/ImagesWPannexe\/boutons\/VoirArticleOff.jpg\" alt=\"COTE MARSEILLE PROVENCE\" width=\"195\" height=\"23\" name=\"Image15\" border=\"0\" \/><\/a>vengeresse N\u00e9m\u00e9sis vient punir les hommes quand ils d\u00e9passent les limites et se vouent \u00e0 l\u2019<a href=\"https:\/\/frank-lovisolo.fr\/WordPress\/hubris-demesure\/\" target=\"_blank\" rel=\"noopener noreferrer\">Hubris<\/a>. <\/span><\/p>\n<p style=\"text-align: justify;\"><span style=\"font-size: 20px;\">\u00c0 suivre donc\u2026<\/span><\/p>\n<\/td>\n<\/tr>\n<tr>\n<td style=\"text-align: center;\">\n<p>LES-EDITIONS-COTE<\/p>\n<p>Magazines de proximit\u00e9 dans l\u2019univers du luxe, \u00e0 destination des r\u00e9sidents<br \/>\net des \u00e9trangers \u00e0 fort pouvoir d\u2019achat.<br \/>\n28 ans d\u2019existence<br \/>\nMagazines leaders dans leurs univers<br \/>\n6,4 millions de lecteurs <br \/>\n1 million d\u2019exemplaires <br \/>\n13 titres &#8211; 1 site Internet<\/p>\n<\/td>\n<\/tr>\n<\/tbody>\n<\/table>\n<div style=\"text-align: center;\"><span style=\"color: #ffffff;\">&#8230;<\/span><a id=\"com\"><\/a><\/div>\n<p><span style=\"font-size: 8px; color: #ffffff;\">R\u00e9my Kert\u00e9nian R\u00e9my KertenianR\u00e9my KertenianR\u00e9my KertenianR\u00e9my KertenianR\u00e9my KertenianR\u00e9my KertenianR\u00e9my KertenianR\u00e9my KertenianR\u00e9my KertenianR\u00e9my KertenianR\u00e9my KertenianR\u00e9my KertenianR\u00e9my KertenianR\u00e9my KertenianR\u00e9my Kertenian<\/span><\/p>\n<div id=\"ez-toc-container\" class=\"ez-toc-v2_0_82_2 ez-toc-wrap-center counter-hierarchy ez-toc-counter ez-toc-light-blue ez-toc-container-direction\">\n<label for=\"ez-toc-cssicon-toggle-item-69e5be0313c99\" class=\"ez-toc-cssicon-toggle-label\"><p class=\"ez-toc-title\" style=\"cursor:inherit\">Table des mati\u00e8res<\/p>\n<span class=\"ez-toc-cssicon\"><span class=\"eztoc-hide\" style=\"display:none;\">Toggle<\/span><span class=\"ez-toc-icon-toggle-span\"><svg style=\"fill: #999;color:#999\" xmlns=\"http:\/\/www.w3.org\/2000\/svg\" class=\"list-377408\" width=\"20px\" height=\"20px\" viewBox=\"0 0 24 24\" fill=\"none\"><path d=\"M6 6H4v2h2V6zm14 0H8v2h12V6zM4 11h2v2H4v-2zm16 0H8v2h12v-2zM4 16h2v2H4v-2zm16 0H8v2h12v-2z\" fill=\"currentColor\"><\/path><\/svg><svg style=\"fill: #999;color:#999\" class=\"arrow-unsorted-368013\" xmlns=\"http:\/\/www.w3.org\/2000\/svg\" width=\"10px\" height=\"10px\" viewBox=\"0 0 24 24\" version=\"1.2\" baseProfile=\"tiny\"><path d=\"M18.2 9.3l-6.2-6.3-6.2 6.3c-.2.2-.3.4-.3.7s.1.5.3.7c.2.2.4.3.7.3h11c.3 0 .5-.1.7-.3.2-.2.3-.5.3-.7s-.1-.5-.3-.7zM5.8 14.7l6.2 6.3 6.2-6.3c.2-.2.3-.5.3-.7s-.1-.5-.3-.7c-.2-.2-.4-.3-.7-.3h-11c-.3 0-.5.1-.7.3-.2.2-.3.5-.3.7s.1.5.3.7z\"\/><\/svg><\/span><\/span><\/label><input type=\"checkbox\"  id=\"ez-toc-cssicon-toggle-item-69e5be0313c99\" checked \/><nav><ul class='ez-toc-list ez-toc-list-level-1 ' ><ul class='ez-toc-list-level-4' ><li class='ez-toc-heading-level-4'><a class=\"ez-toc-link ez-toc-heading-1\" href=\"https:\/\/frank-lovisolo.fr\/WordPress\/dossier-de-presse-2\/remy-kertenian-article-cote-magazine\/#directrice-dominique-juan\" >DIRECTRICE \nDominique Juan<\/a><\/li><li class='ez-toc-page-1 ez-toc-heading-level-4'><a class=\"ez-toc-link ez-toc-heading-2\" href=\"https:\/\/frank-lovisolo.fr\/WordPress\/dossier-de-presse-2\/remy-kertenian-article-cote-magazine\/#article-remy-kertenian\" >Article R\u00e9my Kert\u00e9nian<\/a><\/li><\/ul><\/li><li class='ez-toc-page-1 ez-toc-heading-level-3'><a class=\"ez-toc-link ez-toc-heading-3\" href=\"https:\/\/frank-lovisolo.fr\/WordPress\/dossier-de-presse-2\/remy-kertenian-article-cote-magazine\/#cote-marseille-provence-%e2%80%93-page-50\" >Cote Marseille Provence \u00a0&#8211;\u00a0Page 50<\/a><\/li><\/ul><\/nav><\/div>\n","protected":false},"excerpt":{"rendered":"<p><span class=\"span-reading-time rt-reading-time\" style=\"display: block;\"><span class=\"rt-label rt-prefix\">Reading Time: <\/span> <span class=\"rt-time\"> 2<\/span> <span class=\"rt-label rt-postfix\">minutes<\/span><\/span>\u2026 <a class=\"continue-reading-link\" href=\"https:\/\/frank-lovisolo.fr\/WordPress\/dossier-de-presse-2\/remy-kertenian-article-cote-magazine\/\">Suite &#8211; Continue reading<\/a><\/p>\n","protected":false},"author":1,"featured_media":29315,"parent":4605,"menu_order":1,"comment_status":"open","ping_status":"open","template":"","meta":{"footnotes":""},"categories":[1,353],"tags":[48,2400,1757,136,1009],"class_list":["post-9151","page","type-page","status-publish","has-post-thumbnail","hentry","category-tous-les-articles","category-presse","tag-aviff","tag-cote-marseille-provence","tag-dominique-juan","tag-frank-lovisolo-guillard-pdf","tag-remy-kertenian"],"_links":{"self":[{"href":"https:\/\/frank-lovisolo.fr\/WordPress\/wp-json\/wp\/v2\/pages\/9151","targetHints":{"allow":["GET"]}}],"collection":[{"href":"https:\/\/frank-lovisolo.fr\/WordPress\/wp-json\/wp\/v2\/pages"}],"about":[{"href":"https:\/\/frank-lovisolo.fr\/WordPress\/wp-json\/wp\/v2\/types\/page"}],"author":[{"embeddable":true,"href":"https:\/\/frank-lovisolo.fr\/WordPress\/wp-json\/wp\/v2\/users\/1"}],"replies":[{"embeddable":true,"href":"https:\/\/frank-lovisolo.fr\/WordPress\/wp-json\/wp\/v2\/comments?post=9151"}],"version-history":[{"count":0,"href":"https:\/\/frank-lovisolo.fr\/WordPress\/wp-json\/wp\/v2\/pages\/9151\/revisions"}],"up":[{"embeddable":true,"href":"https:\/\/frank-lovisolo.fr\/WordPress\/wp-json\/wp\/v2\/pages\/4605"}],"wp:featuredmedia":[{"embeddable":true,"href":"https:\/\/frank-lovisolo.fr\/WordPress\/wp-json\/wp\/v2\/media\/29315"}],"wp:attachment":[{"href":"https:\/\/frank-lovisolo.fr\/WordPress\/wp-json\/wp\/v2\/media?parent=9151"}],"wp:term":[{"taxonomy":"category","embeddable":true,"href":"https:\/\/frank-lovisolo.fr\/WordPress\/wp-json\/wp\/v2\/categories?post=9151"},{"taxonomy":"post_tag","embeddable":true,"href":"https:\/\/frank-lovisolo.fr\/WordPress\/wp-json\/wp\/v2\/tags?post=9151"}],"curies":[{"name":"wp","href":"https:\/\/api.w.org\/{rel}","templated":true}]}}