{"id":18636,"date":"2016-01-14T14:51:25","date_gmt":"2016-01-14T13:51:25","guid":{"rendered":"https:\/\/frank-lovisolo.fr\/WordPress\/?page_id=18636"},"modified":"2020-07-14T11:53:31","modified_gmt":"2020-07-14T09:53:31","slug":"souvenir-de-la-nuit-du-quatre","status":"publish","type":"page","link":"https:\/\/frank-lovisolo.fr\/WordPress\/souvenir-de-la-nuit-du-quatre\/","title":{"rendered":"Souvenir de la nuit du Quatre"},"content":{"rendered":"<span class=\"span-reading-time rt-reading-time\" style=\"display: block;\"><span class=\"rt-label rt-prefix\">Reading Time: <\/span> <span class=\"rt-time\"> 3<\/span> <span class=\"rt-label rt-postfix\">minutes<\/span><\/span><p><span style=\"color: #ffffff;\">Souvenir de la nuit du Quatre<\/span><\/p>\n<p>&nbsp;<\/p>\n<table>\n<tbody>\n<tr>\n<td style=\"text-align: center;\"><div id=\"attachment_18638\" style=\"width: 367px\" class=\"wp-caption aligncenter\"><img loading=\"lazy\" decoding=\"async\" aria-describedby=\"caption-attachment-18638\" class=\"wp-image-18638 size-full\" title=\"Souvenir de la nuit du Quatre par Pierre Langlois\" src=\"https:\/\/frank-lovisolo.fr\/WordPress\/wp-content\/uploads\/2016\/01\/nuit4_la.jpg\" alt=\"Souvenir de la nuit du Quatre par Pierre Langlois\" width=\"357\" height=\"458\" srcset=\"https:\/\/frank-lovisolo.fr\/WordPress\/wp-content\/uploads\/2016\/01\/nuit4_la.jpg 357w, https:\/\/frank-lovisolo.fr\/WordPress\/wp-content\/uploads\/2016\/01\/nuit4_la-117x150.jpg 117w\" sizes=\"auto, (max-width: 357px) 100vw, 357px\" \/><p id=\"caption-attachment-18638\" class=\"wp-caption-text\">Souvenir de la nuit du Quatre par Pierre Langlois<\/p><\/div><\/td>\n<\/tr>\n<tr>\n<td style=\"text-align: center;\">\n<h2>Souvenir de la nuit du Quatre<\/h2>\n<\/td>\n<\/tr>\n<tr>\n<td>\n<p style=\"text-align: center;\">\u00a0<br \/> L&rsquo;enfant avait re\u00e7u deux balles dans la t\u00eate.<br \/> Le logis \u00e9tait propre, humble, paisible, honn\u00eate; <br \/> On voyait un rameau b\u00e9nit sur un portrait.<br \/> Une vieille grand-m\u00e8re \u00e9tait l\u00e0 qui pleurait.<br \/> Nous le d\u00e9shabillions en silence. Sa bouche, <br \/> P\u00e2le, s&rsquo;ouvrait ; la mort noyait son \u0153il farouche ; <br \/> Ses bras pendants semblaient demander des appuis.<br \/> Il avait dans sa poche une toupie en buis.<br \/> On pouvait mettre un doigt dans les trous de ses plaies.<br \/> Avez-vous vu saigner la m\u00fbre dans les haies ?<br \/> Son cr\u00e2ne \u00e9tait ouvert comme un bois qui se fend.<br \/> L&rsquo;a\u00efeule regarda d\u00e9shabiller l&rsquo;enfant,<br \/> Disant : \u00ab\u00a0Comme il est blanc! approchez donc la lampe !<br \/> Dieu ! ses pauvres cheveux sont coll\u00e9s sur sa tempe !\u00a0\u00bb<br \/> Et quand ce fut fini, le prit sur ses genoux.<br \/> La nuit \u00e9tait lugubre; on entendait des coups <br \/> De fusil dans la rue o\u00f9 l&rsquo;on en tuait d&rsquo;autres.<br \/> &#8211; Il faut ensevelir l&rsquo;enfant, dirent les n\u00f4tres.<br \/> Et l&rsquo;on prit un drap blanc dans l&rsquo;armoire en noyer.<br \/> L&rsquo;a\u00efeule cependant l&rsquo;approchait du foyer, <br \/> Comme pour r\u00e9chauffer ses membres d\u00e9j\u00e0 roides.<br \/> H\u00e9las! ce que la mort touche de ses mains froides <br \/> Ne se r\u00e9chauffe plus aux foyers d&rsquo;ici-bas!<br \/> Elle pencha la t\u00eate et lui tira ses bas,<br \/> Et dans ses vieilles mains prit les pieds du cadavre.<br \/> \u00ab\u00a0Est-ce que ce n&rsquo;est pas une chose qui navre!<br \/> Cria-t-elle ! monsieur, il n&rsquo;avait pas huit ans !<br \/> Ses ma\u00eetres, il allait en classe, \u00e9taient contents.<br \/> Monsieur, quand il fallait que je fisse une lettre, <br \/> C&rsquo;est lui qui l&rsquo;\u00e9crivait. Est-ce qu&rsquo;on va se mettre <br \/> A tuer les enfants maintenant? Ah! mon Dieu!<br \/> On est donc des brigands ? Je vous demande un peu, <br \/> Il jouait ce matin, l\u00e0, devant la fen\u00eatre!<br \/> Dire qu&rsquo;ils m&rsquo;ont tu\u00e9 ce pauvre petit \u00eatre!<br \/> Il passait dans la rue, ils ont tir\u00e9 dessus.<br \/> Monsieur, il \u00e9tait bon et doux comme un J\u00e9sus.<br \/> Moi je suis vieille, il est tout simple que je parte; <br \/> Cela n&rsquo;aurait rien fait \u00e0 monsieur Bonaparte <br \/> De me tuer au lieu de tuer mon enfant! \u00ab\u00a0<br \/> Elle s&rsquo;interrompit, les sanglots l&rsquo;\u00e9touffant, <br \/> Puis elle dit, et tous pleuraient pr\u00e8s de l&rsquo;a\u00efeule : <br \/> \u00ab\u00a0Que vais-je devenir \u00e0 pr\u00e9sent, toute seule?<br \/> Expliquez-moi cela, vous autres, aujourd&rsquo;hui.<br \/> H\u00e9las! je n&rsquo;avais plus de sa m\u00e8re que lui.<br \/> Pourquoi l&rsquo;a-t-on tu\u00e9 ? Je veux qu&rsquo;on me l&rsquo;explique.<br \/> L&rsquo;enfant n&rsquo;a pas cri\u00e9 vive la R\u00e9publique.\u00a0\u00bb <br \/> Nous nous taisions, debout et graves, chapeau bas, <br \/> Tremblant devant ce deuil qu&rsquo;on ne console pas.<\/p>\n<\/td>\n<\/tr>\n<tr>\n<td>\n<p style=\"text-align: center;\">Vous ne compreniez point, m\u00e8re, la politique.<br \/>Monsieur Napol\u00e9on, c&rsquo;est son nom authentique, <br \/>Est pauvre, et m\u00eame prince; il aime les palais; <br \/>Il lui convient d&rsquo;avoir des chevaux, des valets, <br \/>De l&rsquo;argent pour son jeu, sa table, son alc\u00f4ve, <br \/>Ses chasses ; par la m\u00eame occasion, il sauve <br \/>La famille, l&rsquo;\u00e9glise et la soci\u00e9t\u00e9;<br \/>Il veut avoir Saint-Cloud, plein de roses l&rsquo;\u00e9t\u00e9, <br \/>O\u00f9 viendront l&rsquo;adorer les pr\u00e9fets et les maires, <br \/>C&rsquo;est pour cela qu&rsquo;il faut que les vieilles grand-m\u00e8res, <br \/>De leurs pauvres doigts gris que fait trembler le temps, <br \/>Cousent dans le linceul des enfants de sept ans.<\/p>\n<\/td>\n<\/tr>\n<tr>\n<td>\n<p style=\"text-align: center;\"><a href=\"https:\/\/fr.wikipedia.org\/wiki\/Victor_Hugo\" target=\"_blank\" rel=\"noopener noreferrer\">Victor Hugo<\/a><br \/>Jersey, 2 d\u00e9cembre 1852<br \/><a href=\"https:\/\/fr.wikisource.org\/wiki\/Les_Ch%C3%A2timents\" target=\"_blank\" rel=\"noopener noreferrer\">Les Ch\u00e2timents<\/a><\/p>\n<p><div id=\"attachment_18637\" style=\"width: 570px\" class=\"wp-caption aligncenter\"><img loading=\"lazy\" decoding=\"async\" aria-describedby=\"caption-attachment-18637\" class=\"wp-image-18637 size-medium\" title=\"Victor Hugo - Souvenir de la nuit du Quatre\" src=\"https:\/\/frank-lovisolo.fr\/WordPress\/wp-content\/uploads\/2016\/01\/Victor_Hugo_001-560x745.jpg\" alt=\"Victor Hugo - Souvenir de la nuit du Quatre\" width=\"560\" height=\"745\" srcset=\"https:\/\/frank-lovisolo.fr\/WordPress\/wp-content\/uploads\/2016\/01\/Victor_Hugo_001-560x745.jpg 560w, https:\/\/frank-lovisolo.fr\/WordPress\/wp-content\/uploads\/2016\/01\/Victor_Hugo_001-768x1021.jpg 768w, https:\/\/frank-lovisolo.fr\/WordPress\/wp-content\/uploads\/2016\/01\/Victor_Hugo_001-1024x1362.jpg 1024w, https:\/\/frank-lovisolo.fr\/WordPress\/wp-content\/uploads\/2016\/01\/Victor_Hugo_001-113x150.jpg 113w, https:\/\/frank-lovisolo.fr\/WordPress\/wp-content\/uploads\/2016\/01\/Victor_Hugo_001.jpg 1203w\" sizes=\"auto, (max-width: 560px) 100vw, 560px\" \/><p id=\"caption-attachment-18637\" class=\"wp-caption-text\">\u00ab\u202f<a href=\"https:\/\/fr.wikipedia.org\/wiki\/Victor_Hugo\" target=\"_blank\" rel=\"noopener\">Victor Hugo<\/a> \u00bb par <a href=\"https:\/\/fr.wikipedia.org\/wiki\/Nadar\" target=\"_blank\" rel=\"noopener\">Nadar<\/a><\/p><\/div><\/td>\n<\/tr>\n<\/tbody>\n<\/table>\n","protected":false},"excerpt":{"rendered":"<p><span class=\"span-reading-time rt-reading-time\" style=\"display: block;\"><span class=\"rt-label rt-prefix\">Reading Time: <\/span> <span class=\"rt-time\"> 3<\/span> <span class=\"rt-label rt-postfix\">minutes<\/span><\/span>\u2026 <a class=\"continue-reading-link\" href=\"https:\/\/frank-lovisolo.fr\/WordPress\/souvenir-de-la-nuit-du-quatre\/\">Suite &#8211; Continue reading<\/a><\/p>\n","protected":false},"author":1,"featured_media":18638,"parent":0,"menu_order":0,"comment_status":"open","ping_status":"open","template":"","meta":{"footnotes":""},"categories":[1,1587,1824],"tags":[1823,1711],"class_list":["post-18636","page","type-page","status-publish","has-post-thumbnail","hentry","category-tous-les-articles","category-philosophy","category-poesie","tag-les-chatiments","tag-victor-hugo"],"_links":{"self":[{"href":"https:\/\/frank-lovisolo.fr\/WordPress\/wp-json\/wp\/v2\/pages\/18636","targetHints":{"allow":["GET"]}}],"collection":[{"href":"https:\/\/frank-lovisolo.fr\/WordPress\/wp-json\/wp\/v2\/pages"}],"about":[{"href":"https:\/\/frank-lovisolo.fr\/WordPress\/wp-json\/wp\/v2\/types\/page"}],"author":[{"embeddable":true,"href":"https:\/\/frank-lovisolo.fr\/WordPress\/wp-json\/wp\/v2\/users\/1"}],"replies":[{"embeddable":true,"href":"https:\/\/frank-lovisolo.fr\/WordPress\/wp-json\/wp\/v2\/comments?post=18636"}],"version-history":[{"count":0,"href":"https:\/\/frank-lovisolo.fr\/WordPress\/wp-json\/wp\/v2\/pages\/18636\/revisions"}],"wp:featuredmedia":[{"embeddable":true,"href":"https:\/\/frank-lovisolo.fr\/WordPress\/wp-json\/wp\/v2\/media\/18638"}],"wp:attachment":[{"href":"https:\/\/frank-lovisolo.fr\/WordPress\/wp-json\/wp\/v2\/media?parent=18636"}],"wp:term":[{"taxonomy":"category","embeddable":true,"href":"https:\/\/frank-lovisolo.fr\/WordPress\/wp-json\/wp\/v2\/categories?post=18636"},{"taxonomy":"post_tag","embeddable":true,"href":"https:\/\/frank-lovisolo.fr\/WordPress\/wp-json\/wp\/v2\/tags?post=18636"}],"curies":[{"name":"wp","href":"https:\/\/api.w.org\/{rel}","templated":true}]}}