{"id":17981,"date":"2015-12-04T08:26:57","date_gmt":"2015-12-04T07:26:57","guid":{"rendered":"https:\/\/frank-lovisolo.fr\/WordPress\/?page_id=17981"},"modified":"2020-07-02T15:51:06","modified_gmt":"2020-07-02T13:51:06","slug":"un-recueil-de-textes-libres-de-droits","status":"publish","type":"page","link":"https:\/\/frank-lovisolo.fr\/WordPress\/un-recueil-de-textes-libres-de-droits\/","title":{"rendered":"Un recueil de textes libres de droits"},"content":{"rendered":"<span class=\"span-reading-time rt-reading-time\" style=\"display: block;\"><span class=\"rt-label rt-prefix\">Reading Time: <\/span> <span class=\"rt-time\"> &lt;\u00a01<\/span> <span class=\"rt-label rt-postfix\">minute<\/span><\/span><p><span style=\"color: #ffffff;\">textes libres de droits<\/span><\/p>\n<h3 style=\"text-align: justify;\"><img loading=\"lazy\" decoding=\"async\" class=\"alignleft wp-image-16698\" title=\"textes libres de droits\" src=\"https:\/\/frank-lovisolo.fr\/WordPress\/wp-content\/uploads\/2010\/05\/Baudelaire-Nadar-Charogne-560x725.jpg\" alt=\"textes libres de droits\" width=\"182\" height=\"236\" srcset=\"https:\/\/frank-lovisolo.fr\/WordPress\/wp-content\/uploads\/2010\/05\/Baudelaire-Nadar-Charogne-560x725.jpg 560w, https:\/\/frank-lovisolo.fr\/WordPress\/wp-content\/uploads\/2010\/05\/Baudelaire-Nadar-Charogne-116x150.jpg 116w, https:\/\/frank-lovisolo.fr\/WordPress\/wp-content\/uploads\/2010\/05\/Baudelaire-Nadar-Charogne.jpg 618w\" sizes=\"auto, (max-width: 182px) 100vw, 182px\" \/>Un recueil de textes libres de droits qui illustrent le propos de certains articles&#8230;<\/h3>\n<p style=\"text-align: justify;\">Droit d&rsquo;auteur :\u00a0<\/p>\n<p style=\"text-align: justify;\">Le <b>droit d\u2019auteur<\/b> est l\u2019ensemble des droits dont dispose un auteur ou ses ayants droit (h\u00e9ritiers, soci\u00e9t\u00e9s de production) sur des \u0153uvres de l\u2019esprit original et des droits corr\u00e9latifs du public \u00e0 l&rsquo;utilisation et \u00e0 la r\u00e9utilisation de ces \u0153uvres sous certaines conditions.<\/p>\n<p style=\"text-align: justify;\">C&rsquo;est une construction juridique, philosophique et politique n\u00e9e en Europe et dont le sens et la port\u00e9e ont beaucoup \u00e9volu\u00e9 depuis l&rsquo;invention de l&rsquo;imprimerie. Si, dans son usage originel, au <span class=\"romain\">xix<\/span><sup>e<\/sup> si\u00e8cle, le terme s&rsquo;opposait au terme de <a title=\"Propri\u00e9t\u00e9 litt\u00e9raire et artistique\" href=\"https:\/\/fr.wikipedia.org\/wiki\/Propri%C3%A9t%C3%A9_litt%C3%A9raire_et_artistique\" target=\"_blank\" rel=\"noopener\">propri\u00e9t\u00e9 litt\u00e9raire et artistique<\/a><sup id=\"cite_ref-mshPI_1-0\" class=\"reference\"><a href=\"https:\/\/fr.wikipedia.org\/wiki\/Droit_d%27auteur#cite_note-mshPI-1\" target=\"_blank\" rel=\"noopener\">1<\/a><\/sup> , les deux sont presque confondus depuis la loi sur la propri\u00e9t\u00e9 intellectuelle de 1957. En droit, le droit d\u2019auteur est l&rsquo;un des \u00e9l\u00e9ments essentiels de la <a title=\"Propri\u00e9t\u00e9 intellectuelle\" href=\"https:\/\/fr.wikipedia.org\/wiki\/Propri%C3%A9t%C3%A9_intellectuelle\" target=\"_blank\" rel=\"noopener\">propri\u00e9t\u00e9 intellectuelle<\/a> et de la propri\u00e9t\u00e9 litt\u00e9raire et artistique, qui comprend \u00e9galement les <a title=\"Droits voisins du droit d&#039;auteur en France\" href=\"https:\/\/fr.wikipedia.org\/wiki\/Droits_voisins_du_droit_d%27auteur_en_France\" target=\"_blank\" rel=\"noopener\">droits voisins du droit d&rsquo;auteur<\/a>.<\/p>\n<p style=\"text-align: justify;\">Il est compos\u00e9 de deux types de droits\u00a0:<\/p>\n<ul>\n<li style=\"text-align: justify;\">le droit moral, qui reconnait notamment \u00e0 l&rsquo;auteur la paternit\u00e9 de l\u2019\u0153uvre et le respect de son int\u00e9grit\u00e9. Dans certains pays, il est perp\u00e9tuel, inali\u00e9nable et imprescriptible\u00a0;<\/li>\n<li style=\"text-align: justify;\">les droits patrimoniaux, qui conf\u00e8rent un monopole d\u2019exploitation \u00e9conomique sur l&rsquo;\u0153uvre, pour une dur\u00e9e variable (selon les pays ou cas) au terme de laquelle l&rsquo;\u0153uvre entre dans le \u00ab\u00a0domaine public\u00a0\u00bb.<\/li>\n<\/ul>\n<p><a href=\"https:\/\/fr.wikipedia.org\/wiki\/Droit_d%27auteur\" target=\"_blank\" rel=\"noopener noreferrer\">La suite &gt;&gt;&gt;&gt;&gt;&gt;<\/a><\/p>\n","protected":false},"excerpt":{"rendered":"<p><span class=\"span-reading-time rt-reading-time\" style=\"display: block;\"><span class=\"rt-label rt-prefix\">Reading Time: <\/span> <span class=\"rt-time\"> &lt;\u00a01<\/span> <span class=\"rt-label rt-postfix\">minute<\/span><\/span>\u2026 <a class=\"continue-reading-link\" href=\"https:\/\/frank-lovisolo.fr\/WordPress\/un-recueil-de-textes-libres-de-droits\/\">Suite &#8211; Continue reading<\/a><\/p>\n","protected":false},"author":1,"featured_media":0,"parent":0,"menu_order":0,"comment_status":"closed","ping_status":"open","template":"","meta":{"footnotes":""},"categories":[],"tags":[],"class_list":["post-17981","page","type-page","status-publish","hentry"],"_links":{"self":[{"href":"https:\/\/frank-lovisolo.fr\/WordPress\/wp-json\/wp\/v2\/pages\/17981","targetHints":{"allow":["GET"]}}],"collection":[{"href":"https:\/\/frank-lovisolo.fr\/WordPress\/wp-json\/wp\/v2\/pages"}],"about":[{"href":"https:\/\/frank-lovisolo.fr\/WordPress\/wp-json\/wp\/v2\/types\/page"}],"author":[{"embeddable":true,"href":"https:\/\/frank-lovisolo.fr\/WordPress\/wp-json\/wp\/v2\/users\/1"}],"replies":[{"embeddable":true,"href":"https:\/\/frank-lovisolo.fr\/WordPress\/wp-json\/wp\/v2\/comments?post=17981"}],"version-history":[{"count":0,"href":"https:\/\/frank-lovisolo.fr\/WordPress\/wp-json\/wp\/v2\/pages\/17981\/revisions"}],"wp:attachment":[{"href":"https:\/\/frank-lovisolo.fr\/WordPress\/wp-json\/wp\/v2\/media?parent=17981"}],"wp:term":[{"taxonomy":"category","embeddable":true,"href":"https:\/\/frank-lovisolo.fr\/WordPress\/wp-json\/wp\/v2\/categories?post=17981"},{"taxonomy":"post_tag","embeddable":true,"href":"https:\/\/frank-lovisolo.fr\/WordPress\/wp-json\/wp\/v2\/tags?post=17981"}],"curies":[{"name":"wp","href":"https:\/\/api.w.org\/{rel}","templated":true}]}}